s 10 + -3405?
-3355
In base 14, what is 4 - -11?
15
In base 2, what is 10 - 1110001?
-1101111
In base 14, what is -3 + -29?
-2c
In base 13, what is -3 + 1a6?
1a3
In base 9, what is 1 - -228?
230
In base 6, what is -4 + 20455?
20451
In base 3, what is -22 + -1200?
-1222
In base 4, what is 1 + 1301?
1302
In base 13, what is -40 - -1?
-3c
In base 11, what is 2 + 2060?
2062
In base 4, what is -23 + 11211?
11122
In base 12, what is -2 - 8b9?
-8bb
In base 12, what is 0 + -b5?
-b5
In base 8, what is 3 + -15?
-12
In base 9, what is -124 - -17?
-106
In base 11, what is 1714 - 0?
1714
In base 15, what is -4 - 45?
-49
In base 7, what is -2632 + 5?
-2624
In base 10, what is 4 + -327?
-323
In base 11, what is 6 - 8?
-2
In base 10, what is -955 + 0?
-955
In base 4, what is -11 + 31233?
31222
In base 12, what is 9 + 137?
144
In base 9, what is 1710 - -5?
1715
In base 4, what is -22 - 110?
-132
In base 8, what is -2 + 11177?
11175
In base 4, what is 13011 + -12?
12333
In base 4, what is -3 - 303?
-312
In base 10, what is 238 - -29?
267
In base 7, what is 3 + -223?
-220
In base 8, what is -2 + 730?
726
In base 11, what is -4051 - -1?
-4050
In base 4, what is 203 + -300?
-31
In base 7, what is -30642 + 3?
-30636
In base 13, what is 3 + -642?
-63c
In base 8, what is 340 + 0?
340
In base 5, what is 10 + -1123?
-1113
In base 16, what is 2e - -e?
3c
In base 14, what is -249 - -3?
-246
In base 8, what is -10262 - -3?
-10257
In base 10, what is -4 - 42?
-46
In base 8, what is -206 + -4?
-212
In base 16, what is 2 + -44?
-42
In base 10, what is -69 + -3?
-72
In base 11, what is -5 - -30?
26
In base 5, what is 24 + 2?
31
In base 7, what is -424 + 4?
-420
In base 2, what is 1 + 1101?
1110
In base 11, what is -21a0 + 3?
-2198
In base 5, what is 10 - 130?
-120
In base 3, what is -1011 - -21?
-220
In base 11, what is 8a18 - -1?
8a19
In base 7, what is -202 + 0?
-202
In base 13, what is -8b - c9?
-187
In base 5, what is 1120 + 12?
1132
In base 12, what is b2 - -32?
124
In base 15, what is 19a3 - -3?
19a6
In base 13, what is 13b - 18?
123
In base 13, what is -4 + -aa7?
-aab
In base 13, what is -5 + -1149?
-1151
In base 15, what is -1 - -a4?
a3
In base 4, what is -2210 - 2112?
-10322
In base 2, what is 1000101 + 111100?
10000001
In base 4, what is 10200 - -2?
10202
In base 4, what is 202 - 312?
-110
In base 5, what is 22003 - -1?
22004
In base 7, what is -43 + 106?
33
In base 14, what is 0 + 1ba?
1ba
In base 15, what is -8 - 8?
-11
In base 10, what is -16999 - 2?
-17001
In base 16, what is 11d + 0?
11d
In base 6, what is -3105 + -1?
-3110
In base 5, what is -2 - 30023?
-30030
In base 3, what is -1210100 - -12?
-1210011
In base 15, what is c3 - 2?
c1
In base 10, what is -5 - -56?
51
In base 11, what is -348 - 0?
-348
In base 6, what is -225 - -3?
-222
In base 2, what is -101111000101 + 1?
-101111000100
In base 11, what is -a0 + -1?
-a1
In base 8, what is -63 + -1?
-64
In base 9, what is -35 + -4?
-40
In base 14, what is -3 - 407?
-40a
In base 6, what is -32400 - 3?
-32403
In base 8, what is -3 + 37?
34
In base 2, what is -10111 - -10?
-10101
In base 8, what is -120 + -2?
-122
In base 11, what is -1 + -1022?
-1023
In base 2, what is -100 - 1010001?
-1010101
In base 2, what is -11 + 111110011?
111110000
In base 7, what is -103 - -614?
511
In base 14, what is 8 - -acc?
ad6
In base 12, what is -27 + -13?
-3a
In base 3, what is -21 - -1010?
212
In base 3, what is 1121 + -1?
1120
In base 7, what is -15163 - 5?
-15201
In base 4, what is 321122 - 10?
321112
In base 3, what is 11211 + -1011?
10200
In base 15, what is -4 - -202?
1ed
In base 15, what is -1 - -1b?
1a
In base 6, what is 2041 - -11?
2052
In base 13, what is 86 - 5?
81
In base 10, what is -13 + -327?
-340
In base 16, what is 68 - -52?
ba
In base 3, what is 12 - 20112121?
-20112102
In base 6, what is -11030 - 31?
-11101
In base 4, what is 2111 - 2?
2103
In base 15, what is -7 - -10b?
104
In base 12, what is 3079 - -3?
3080
In base 11, what is -2 + -1071?
-1073
In base 14, what is c4 + -1?
c3
In base 14, what is 4 - 438?
-434
In base 15, what is b19 - -a?
b24
In base 3, what is -22 + -1?
-100
In base 11, what is 1 - 13?
-12
In base 10, what is 32 - 20?
12
In base 3, what is -2122 + 2200?
1
In base 2, what is 111101101 - 100?
111101001
In base 15, what is 1 - 1ac1?
-1ac0
In base 16, what is 98 - 8?
90
In base 9, what is 3 + -47?
-44
In base 14, what is -5 - -cd9?
cd4
In base 4, what is 210 + -13?
131
In base 11, what is 3752 - 0?
3752
In base 4, what is 100 - -103?
203
In base 2, what is -11 + -10100?
-10111
In base 11, what is -12 + -1099?
-1100
In base 2, what is 11101 + 1110?
101011
In base 3, what is 101021 - -12?
101110
In base 9, what is -5 + 28?
23
In base 7, what is -50 - -2?
-45
In base 4, what is 11311 + -10?
11301
In base 11, what is -a2 - -a6?
4
In base 16, what is -1 + b9?
b8
In base 5, what is -113 - 131?
-244
In base 2, what is 1 + -1001101?
-1001100
In base 8, what is 175 - 30?
145
In base 13, what is 5b - -1?
5c
In base 14, what is 484 + 4?
488
In base 11, what is 78 - -9a?
167
In base 15, what is 1 - -2a8?
2a9
In base 2, what is 111010000111 - 101?
111010000010
In base 5, what is 1 - -10222?
10223
In base 2, what is 1000 - 110010100?
-110001100
In base 12, what is -86 + 7?
-7b
In base 10, what is 52 - -3?
55
In base 13, what is -5 - -35?
30
In base 5, what is -110122 + 10?
-110112
In base 3, what is 10 + 122?
202
In base 16, what is 6 - -a?
10
In base 2, what is 100110 + 100110001?
101010111
In base 6, what is 41203 - 3?
41200
In base 6, what is 35 - -1405?
1444
In base 8, what is -460 - -31?
-427
In base 15, what is 20 - 23?
-3
In base 13, what is -6 + 38?
32
In base 2, what is 101100 + -11110?
1110
In base 4, what is 31 - 23?
2
In base 3, what is -20 + 112000?
111210
In base 4, what is 11 - 122011?
-122000
In base 4, what is 31 + -202?
-111
In base 6, what is 101 - 35?
22
In base 11, what is 10 - -17?
27
In base 7, what is -10 - 406?
-416
In base 16, what is a + -17?
-d
In base 7, what is -111 + 12?
-66
In base 2, what is 10011 - -101?
11000
In base 4, what is 10 + -201?
-131
In base 12, what is 0 - 1b5?
-1b5
In base 5, what is 4 - 42?
-33
In base 12, what is -21 - -11?
-10
In base 10, what is 51 + -4?
47
In base 13, what is 9 - 171?
-165
In base 16, what is -2 + 1b?
19
In base 4, what is -100 + -1?
-101
In base 9, what is 5 - -2046?
2052
In base 4, what is -3 + 21?
12
In base 5, what is -1 - -334?
333
In base 2, what is -11000100 - -1100?
-10111000
In base 15, what is 4 - 4?
0
In base 11, what is 0 + -22?
-22
In base 2, what is -10 + -10?
-100
In base 14, what is -3 - 21?
-24
In base 12, what is 7 + 21?
28
In base 8, what is 1 + -574?
-573
In base 15, what is e + 4?
13
In base 14, what is 85 - -1a?
a1
In base 13, what is 15c + -9?
153
In base 5, what is 1 - 120?
-114
In base 8, what is -331 - -147?
-162
In base 4, what is 20100 + 2?
20102
In base 6, what is -530 - 5?
-535
In base 3, what is -102 + 1110?
1001
In base 9, what is -116 + 5?
-111
In base 4, what is 20 - 2320?
-2300
In base 11, what is -2 - -65?
63
In base 2, what is -10 - -11010001?
11001111
In base 10, what is -223 + -2?
-225
In base 12, what is 1 - 136?
-135
In base 12, what is b0 + 5?
b5
In base 10, what is -5 + 39?
34
In base 12, what is 5a - -28?
86
In base 16, what is 7 - fd?
-f6
In base 2, what is 101100 - 0?
101100
In base 16, what is -5 - -45?
40
In base 7, what is 2 - -14636?
14641
In base 9, what is -356 + -3?
-360
In base 15, what is 4 + c58?
c5c
In base 10, what is 9 - 0?
9
In base 11, what is -3 - 43?
-46
In base 16, what is -b + 256?
24b
In base 7, what is -224 - 2?
-226
In base 5, what is 3143 - -3?
3201
In base 15, what is e + 59?
68
In base 5, what is 24 + 31?
110
In base 12, what is 19 + -304?
-2a7
In base 7, what is -2236 + 2?
-2234
In base 6, what is -433 + -1?
-434
In base 5, what is 2120 + 1?
2121
In base 9, what is -305 - 1?
-306
In base 5, what is -221 - 200?
-421
In base 13, what is 1 + 818?
819
In base 9, what is 2 - 106?
-104
In base 16, what is e2 + 17?
f9
In base 9, what is -104 - -12?
-82
In base 9, what is 316 + 1?
317
In base 13, what is 73 - 0?
73
In base 9, what is 0 - -757?
757
In base 12, what is 8 + 18?
24
In base 9, what is 611 - 5?
605
In base 2, what is 111111111 - -100?
1000000011
In base 4, what is